 -70 + y. Calculate the highest common divisor of 8 and l.
8
Let a be (-1510)/8*-5*1008/450. Calculate the highest common divisor of 70 and a.
14
Suppose 5*i - 5*w - 35 = 0, -3*w = -16*i + 11*i + 27. Suppose 3*k = -g + 39, 7 = -i*k - 5. What is the greatest common divisor of 204 and g?
51
Let x = 12882 + -7890. Calculate the highest common divisor of x and 156.
156
Let t = 380 - -150. Let a be (-10)/5 + t/10. What is the greatest common factor of 17 and a?
17
Let f = 180 - 63. Let a = 57552 - 57543. What is the greatest common factor of f and a?
9
Suppose -166*k - 5*d = -164*k - 90, 4*k = 2*d + 228. Calculate the highest common factor of k and 785.
5
Suppose 4 = 2*a + 4*r, 5*a - 3*r + 16 = -0*r. Let l be (1 + 7 + -102)/(a/1). Let j = -22 + l. Calculate the highest common factor of 175 and j.
25
Let m(j) = -134*j - 2400. Let s be m(-18). Calculate the greatest common divisor of 6780 and s.
12
Let l be 15/1 + 10088/52. Calculate the greatest common divisor of 323 and l.
19
Suppose -87 = 34*x - 63*x. What is the greatest common divisor of x and 762?
3
Suppose 85 = 2*g + 2*r - 3*r, -4*g - 4*r + 140 = 0. Let k be (4 + (-91)/28)*140/21. Calculate the greatest common factor of k and g.
5
Let m = 191 - 188. Suppose -m*v = -4*s + 3*s + 172, 0 = -s - 3*v + 202. What is the highest common divisor of 17 and s?
17
Let f(m) = 25*m**2 + 77*m + 57. Let i be f(-6). What is the highest common divisor of 105 and i?
15
Let g(j) = -j**3 + 8*j**2 - 9*j + 16. Let x be g(7). Suppose -539 = -x*l - 55. Suppose b - 41 + 19 = 0. Calculate the greatest common divisor of b and l.
22
Suppose -5*u - 2*d - 3*d + 148250 = 0, -6*d = -2*d. What is the highest common divisor of u and 100?
50
Suppose -6*t + 85 = -35. Let r be (-5)/t - 290/(-8). Let g be 11 + 15/(-3) + -2. What is the highest common factor of g and r?
4
Let b be (-154191)/(-1751) + 2/(-34). What is the greatest common divisor of b and 72?
8
Suppose 0 = -3*g - g + 20. Suppose v + g*o = 0, -2*o + 9 = -v + 37. Calculate the greatest common divisor of 35 and v.
5
Let r be 3 - (6/5)/((-24)/160). Suppose 0 = -r*g - 1 + 56. Let n be 2/((-3)/(-48) - (g - 5)). Calculate the highest common divisor of 8 and n.
8
Suppose 67 + 13 = i. Let w(x) = 15*x - 49. Let f be w(7). Suppose -264 - f = -10*s. What is the greatest common factor of s and i?
16
Let j(s) = 3*s**3 + 73*s**2 + 10*s - 6. Let o be j(-24). Let y be (-4)/1 - (-19)/(95/o). What is the highest common divisor of 248 and y?
62
Let f(d) = 4*d - 9. Let x(i) = i. Let n(m) = f(m) - 2*x(m). Let l be n(10). Let s be ((-429)/(-12))/(-13)*-24. Calculate the greatest common divisor of s and l.
11
Suppose 5043*d = 5033*d + 630. Calculate the highest common factor of 1953 and d.
63
Let u = 87 - 77. Suppose 8*n + u - 50 = 0. Let j(a) = a**3 + 7*a**2 - a - 2. Let o be j(-7). Calculate the greatest common factor of o and n.
5
Suppose -3*g - 3*d = 762, 5*d = 5*g + d + 1288. Let p = -16 - g. Let k be (0 + (-24)/15)/((-6)/p). Calculate the highest common divisor of k and 8.
8
Let r = -27 - 22. Let a = -42 - r. What is the highest common divisor of a and 119?
7
Suppose l + 142905 = -17*l + 33*l. Calculate the highest common factor of l and 7.
7
Suppose -6*z - 1839 = 903. Let y(j) = 55*j - 7. Let o be y(12). Let v = o + z. Calculate the highest common divisor of 28 and v.
28
Let o be (-84)/70*2320/(-12). Let n be 0 - (2 + -6)/2. Suppose 96 - o = -n*m. What is the greatest common factor of m and 4?
4
Let u = 208 + -204. Suppose -4*y - 60 = -u*d + 668, -d = y - 178. Calculate the greatest common divisor of d and 54.
18
Let x(p) = -18*p + 1504. Let y be x(-74). What is the highest common factor of y and 4?
4
Suppose 32*q = 164 - 548. Let g(c) = -c**2 - 26*c - 148. Let y be g(q). Calculate the greatest common divisor of 160 and y.
20
Let k = 73 + -25. Let a(f) = -12*f - f - 5 - 4 - 1. Let h be a(-2). What is the greatest common factor of k and h?
16
Suppose -3*o + 5*n = -11, 2*n = 4*o - 14 - 24. Suppose -12648 = -8*h - 26*h. What is the highest common divisor of h and o?
12
Let z be (16/20)/(3/1050). Let i(h) = h**3 - 9*h**2 - 3*h + 83. Let l be i(9). Calculate the greatest common factor of z and l.
56
Let w be 2*2/1*(-20)/10. Let m = 294 + w. Calculate the highest common divisor of 22 and m.
22
Let f = 5669 - 3193. Suppose 16*n - f = -76. Suppose 4*s - 25 - 35 = 0. What is the greatest common divisor of s and n?
15
Let i(m) = -m**2 - 26*m + 10. Let b be i(-23). Let c = b - -18. Suppose -43 = -5*h + c. What is the highest common divisor of 4 and h?
4
Let w(h) = 2*h**2 - 69*h - 71. Let c be w(37). Suppose -112*f = -c*f + 38. What is the greatest common factor of f and 304?
19
Let j(o) = -25*o**2 + 14*o - 35. Let q be j(3). Let p = q + 244. What is the greatest common divisor of 338 and p?
26
Let f be ((6 - 10) + 4)*(-4)/12. Suppose f = -2*k + 5*d + 190, -5*k - 10*d = -12*d - 496. What is the highest common factor of 8 and k?
4
Suppose 5*j + 955 = 23*i - 22*i, 4*i - 3842 = -2*j. Let q = i + -790. Suppose 0 = 5*d - 125 - 45. Calculate the greatest common factor of d and q.
34
Let k be (-1)/(-7*4/(-8260)). Let j = 421 + k. Calculate the highest common factor of 18 and j.
18
Let p(v) = -3*v**3 - 9*v**2 - 4*v - 26. Let r be p(-4). Let f be (-10 - 1)/((-6)/228). Calculate the greatest common factor of f and r.
38
Let d(s) = 127*s + 2030. Let i be d(-15). Calculate the highest common factor of 405 and i.
5
Let i(q) = 2*q**2 - 9*q - 33. Let k be i(7). Suppose -5*v = k*t - 7, 4*v = 2*t + 2*v. What is the highest common divisor of t and 11?
1
Suppose 155 = -2*a + 7*a. Let y = 26 - a. Let x = 12 - y. What is the highest common factor of x and 119?
17
Let h = 22 + -19. Let t be h - (-12)/(-4)*-2. Suppose -1 + 9 = 2*k - 5*q, 3*q + 3 = k. Calculate the highest common factor of t and k.
9
Suppose -27*i = -25*i, 0 = -w + i + 92. Let x(f) = 6*f**3 + 2*f**2 - 2*f - 2. Let p be x(3). Let d = p - w. What is the greatest common divisor of 16 and d?
16
Let m be 94 - 89 - 13/(-1). Let x(d) = 10*d**3 - d**2 - 2*d - 3. Let q be x(3). What is the greatest common divisor of q and m?
18
Let g = 1027 + -996. Calculate the highest common divisor of g and 7750.
31
Suppose 3312*a + 0 = 3264*a + 7920. Suppose -y + 2 = -2. Let j(d) = 3*d**2 + 6*d - 6. Let p be j(y). What is the highest common divisor of a and p?
33
Let w = -533 - 725. Let l = -669 - w. Calculate the highest common factor of l and 31.
31
Let p = 3864 - -791. Calculate the greatest common divisor of 35 and p.
35
Let o be (-1)/(-1) + 1 + 1643. Let q = o + -237. Calculate the greatest common factor of q and 11.
11
Let i be -1*1*1/(-3)*87. Let m = i + -25. Suppose -k - 2*k - 7 = -z, -m*k + 47 = 3*z. What is the greatest common factor of 39 and z?
13
Let b(h) = -h**2 - 3*h + 3. Let f be b(-2). Let s(n) = 6*n + 3. Let t be s(f). Suppose -8*k + 176 = -0*k. Calculate the greatest common divisor of k and t.
11
Let d(f) = f**2 - 26*f - 16. Let a be d(18). Let u be -4*8/(a/255) + -1. What is the greatest common factor of u and 25?
25
Let d be (-34022)/(-10) - 181/905. What is the highest common factor of d and 21?
21
Let k = 8580 - 8569. Let z = 88 + -40. Suppose 3*f + z = k*f. What is the greatest common factor of 2 and f?
2
Let t = -38 + 41. Let a = t + 36. Let b = 33 + -7. What is the highest common divisor of b and a?
13
Let f(o) = 3*o**2 - 70*o - 598. Let z be f(-10). Calculate the greatest common divisor of 54 and z.
6
Let z(k) = 7*k - 345. Let y be z(59). Calculate the highest common factor of y and 748.
68
Let f = -440 + 461. Let s(n) = n**3 - 20*n**2 - 21*n + 39. Let q be s(f). What is the highest common divisor of q and 52?
13
Suppose 49*a - 71*a + 3882 = -2696. Calculate the highest common factor of a and 26.
13
Suppose p = -0*p - 4*p + 5*h, 3*h = 0. Suppose g = -p*g + w + 176, 5*w - 520 = -3*g. What is the highest common divisor of g and 7?
7
Suppose 21668 + 8901 = 125*b + 2444. Calculate the highest common factor of 423 and b.
9
Let f(y) = 7*y**2 + 21*y - 36. Let l be f(-6). Calculate the highest common factor of l and 222.
6
Suppose 242*k - 4*p = 239*k + 129, -172 = -4*k + p. Calculate the greatest common factor of k and 3182.
43
Suppose -156618 = 130*g - 469*g. Calculate the greatest common factor of g and 1298.
22
Let g(v) be the first derivative of 3*